et j(x) = -x**2 - 7*x + 2*x**2 + k*x**2 + 6. Let f be (2 + 4)*(-2)/(-3). Determine j(f).
-6
Let f = -1 - -1. Let l be (0 - 1 - f)*0. Let j be (l - 0)*(-2)/(-6). Let b(u) = -u**3 + 6. Calculate b(j).
6
Let d = 11 - 12. Let b(h) = 3*h - 5. Let s(l) = 2*l - 4. Let p(z) = -3*b(z) + 4*s(z). Let m(j) = -2*j - 3. Let i(a) = 3*m(a) - 8*p(a). Give i(d).
-3
Let b be (2/(-4))/((-2)/20). Let u(k) = k + 4. What is u(b)?
9
Let g(c) = 15*c**2 - 2*c - 13. Let o(z) = -8*z**2 + z + 7. Let r(l) = 6*g(l) + 11*o(l). What is r(2)?
5
Let v(o) = o**2 - 4*o + 3. Let w(f) = 2 + 7*f - 5*f + f**2 + 2*f. Let h be w(-4). Determine v(h).
-1
Let v(u) = u**3 - u**2 + 2*u - 3. Let h(y) = -y**3 + 3*y**2 + 2. Let k be h(3). What is v(k)?
5
Suppose -4*b + 19 = -1. Let w(f) be the second derivative of -f**3/3 + 3*f**2 + 2*f. What is w(b)?
-4
Suppose 2*f + 2*h = 0, 0 = f + 4*f - 2*h - 21. Suppose 4*i - 8 = 4*b, 0 = -f*i - 3*b + 3 - 9. Suppose 2 = -i*v - 2*v. Let g(q) = 3*q**2 - 1. What is g(v)?
2
Suppose 0 = -5*n + 25, 4*o + 0*n - 81 = -n. Let i = o - 15. Let z(a) = -a**2 + 2*a + 3. Determine z(i).
-5
Let a(o) = -8*o**2 - 3*o - o**3 + 3*o**2 + 7*o + 3*o**2. Determine a(-4).
16
Let i(p) = p + 4. Let r(v) = -v**2 + 3*v + 5. Let y be r(4). Suppose -g + 10 = g + 3*l, -3*l = 5*g - 16. Suppose 0 = -3*t - t - 2*w - g, w = -y. Give i(t).
4
Let g(k) = 3*k**2 + k. Let m be 18/(-22) - (-16)/(-88). What is g(m)?
2
Let u(s) = -11*s - 6. Let a(q) = -5*q - 3. Let z(v) = -9*a(v) + 4*u(v). Give z(0).
3
Let u(o) = o**2 - 10*o - 3. Let n = 40 + -31. Calculate u(n).
-12
Suppose -v = i, 4*i - 3*v = 23 + 12. Let u(o) = 2*o**2 - 8*o + 3. What is u(i)?
13
Let w(j) = -j**2 - 5*j + 6. Let s be ((-1 - -1) + -1)*0. Suppose -4*f = -2*d + 6, -d + 0*d + 3*f + 7 = s. What is w(d)?
6
Let a = -4 + 2. Let t(g) be the third derivative of -g**4/12 - g**3/2 - 2*g**2. Give t(a).
1
Let s(v) be the third derivative of 0*v + 1/12*v**4 - 1/6*v**3 + 0 + 4*v**2. What is s(6)?
11
Let k(z) = -10*z**2 + 11*z - 4. Let c(x) = -x**2 + x - 1. Let h(b) = 10*b**2 - 10*b + 6. Let u(r) = -3*c(r) - h(r). Let g(j) = 5*k(j) - 7*u(j). Determine g(3).
10
Let z(a) = 5*a**3 - 10*a**2 - 5*a + 1. Let q(w) = 3*w**3 - 5*w**2 - 3*w + 1. Let m(i) = -7*q(i) + 4*z(i). What is m(-5)?
-8
Let x(q) = -14*q + 0 - 7 - 1 - 9*q**2. Let l(d) = 5*d**2 + 7*d + 4. Let j(z) = -7*l(z) - 4*x(z). Suppose -h + 4*h = v - 15, 0 = 4*v. Give j(h).
-6
Let i(t) = t**3 - 3*t**2 - t - 5. Suppose 11 + 7 = 3*x. Let v be x + (0 - -1 - 3). What is i(v)?
7
Let n be 0/((-5 - -3)/1). Let u(l) = -l**3 - l**2 - l - 9. What is u(n)?
-9
Let j(x) = -x**3 + 2 + 1 + 19*x**2 - 27*x**2. Determine j(-8).
3
Let y(x) be the third derivative of 0*x**3 + 1/12*x**4 + 0*x + 8*x**2 + 0. Suppose -2*w = -4*m - 6, 0 = 4*w - 3*w + m. What is y(w)?
2
Let h(s) = s + s**2 - 8 - 2*s + 2*s. Let d be 5/(-20) - (-63)/12. Suppose d*y = 3*y. What is h(y)?
-8
Let x = 11 + -5. Let m(b) = b**2 + 0*b + b + 3 + 1 - x. Let p(r) = r**3 + 8*r**2. Let l be p(-8). Determine m(l).
-2
Let u be (0 + -2)/((-4)/(-14)). Let y = -5 - u. Suppose -x - 1 = y. Let c(w) = 2*w - 1. Calculate c(x).
-7
Let x(f) = 2*f**2 - f**2 - 3*f + 5*f**3 + 8 + 3*f**2 - 3*f**2. Let w(g) = 2*g**3 - g + 3. Let t(o) = 8*w(o) - 3*x(o). Determine t(1).
-1
Let l(r) = -6*r**3 - 2*r + 1. Let m(k) be the first derivative of k**3/3 - 3*k**2/2 + 3*k + 5. Let i be (8/20)/(2/10). Let h be m(i). Calculate l(h).
-7
Let n(a) = -4*a + 8*a - a**2 - 1 - 2*a - 5*a. Give n(-1).
1
Let t be 18/(-72)*(3 - 1 - 14). Let y(b) = 5*b + 1 - 7 + 3. Give y(t).
12
Suppose 0*i = 5*i + 20. Let u(k) = k - 3. Let d(s) = -s + 2. Let c(j) = 5*d(j) + 4*u(j). Give c(i).
2
Let m(b) = b**3 + b**2 - b + 2. Let z be (6/3 - 2)/(-1). Let n(o) = o - 2. Let j be n(z). Calculate m(j).
0
Suppose 0 = 2*l - 5*l - 3, -3 = -j + 2*l. Let p(t) be the third derivative of t**6/30 - t**3/6 + t**2. Determine p(j).
3
Let i(l) = l**2 - 7*l + 8. Let v be i(6). Let q(d) = 2*d**2 + 4*d + 0*d**2 - 3*d**2 + v + 3. Let o(x) = -3*x**3 - x. Let h be o(-1). Calculate q(h).
5
Let u(a) = -3*a + 2. Let j be u(2). Let p(r) = -r**2 - 3*r + 3. Calculate p(j).
-1
Let d(l) = -l + 1. Let x be d(-1). Let n(k) = k**x - k + k + 2*k + 3*k + 3. Calculate n(-4).
-1
Let h(x) = -x**3 + x**2 + 5. Let s be h(0). Let w = -16 + 17. Let t(u) = -s*u**2 - u - w - u + u. Give t(-1).
-5
Let r(n) = -2*n - 2. Let l(q) = q**2 + 4*q + 6. Let z be l(-4). Suppose g - z - 4 = 3*k, -2*g - 12 = 2*k. Calculate r(k).
6
Let f be 2/(-7) - (-4 + 33/7). Let c(d) = 9*d**3 - 18*d**2 - 18. Let t(r) = r**3 - r**2 - 1. Let s(x) = c(x) - 18*t(x). Calculate s(f).
9
Let z(y) be the second derivative of 0*y**2 + 1/12*y**4 - 2*y + 0 + 5/6*y**3. Calculate z(-4).
-4
Suppose h - 8 = -3*h. Let r(w) = 0*w + h*w - w**2 - 2 + 0*w**2. Suppose 8*s - 6 = 5*s. Give r(s).
-2
Let o(p) = -p**3 - 4*p**2 + 2*p + 3. Let a(g) = -g - 2 + 2*g + 2. Let c(s) = 5*a(s) - o(s). Calculate c(-3).
-3
Let h(i) = 2*i - 24. Let s be h(15). Let d(w) = 2*w**2 - 3*w**3 + 2*w + 2*w**3 - 7 + 4*w**2. Give d(s).
5
Let n(l) be the second derivative of -l**5/2 + l**4/6 + l**3/3 + l**2/2 - l. Let u = 3 + -4. Let w = u - 0. Give n(w).
11
Let u(o) = -o**3 - 4*o**2 - o + 1. Let v be u(-4). Suppose n = -2*m - 2 + 7, 0 = -n + v*m - 23. Let q(i) = i**2 - i - 2. Calculate q(n).
10
Let n(f) = -3*f + f + 5*f**2 - 4*f**2 - 3. Let l(p) = -6 + p + 0 - 4. Let v be l(8). Determine n(v).
5
Let o(w) = w**2 - 5*w + 6. Let u be o(4). Let l(k) = 3*k**3 + 11*k**2 + 7*k - 5. Let h(c) = c**3 + 4*c**2 + 3*c - 2. Let m(p) = 8*h(p) - 3*l(p). Determine m(u).
-7
Let t(h) be the second derivative of -h**4/12 - h**3/3 + 2*h**2 + 6*h. Determine t(-3).
1
Let g(k) = -15*k**3 - k. Suppose 17 = 5*d - 4*t, 3*d + 1 = 3*t + 13. Calculate g(d).
-16
Let r = 10 - 16. Let p(w) = -w**2 - 13*w - 6. Let t(m) = m**2 + 14*m + 6. Let a(q) = -6*p(q) - 5*t(q). Determine a(r).
-6
Suppose -3*j - 25 = c, -2*j + 3*c + 0 = 2. Let v(q) = q**2 + 6*q + 6. What is v(j)?
13
Let p(t) = -t**3 + 5*t**2 + 7*t - 6. Let y be p(6). Let n(j) be the first derivative of y*j - 2*j**2 - 4*j - 2 + 2*j. Determine n(-2).
6
Suppose 3*x + 0*x - z = -11, -3*x - 4*z = 31. Let h = -2 - x. Let q(l) = -2*l**2 + 4*l - 1. Calculate q(h).
-7
Let n = 0 - -1. Let f(a) = 4*a**2 - 2*a - 1. Let d(s) = -11*s**2 + 5*s + 3. Let o(r) = -3*d(r) - 8*f(r). Determine o(n).
1
Suppose y + 8 = -y. Let n be (-48)/(-21) - (-2)/(-7). Let f(z) = 0*z**2 - 1 - 3*z**n - 6*z**3 + 5*z**3 - z**2. What is f(y)?
-1
Suppose 0*t + 2 = 2*t. Let v(a) = 2*a + 4 + t - a + 0. What is v(0)?
5
Let h be (-14)/(((-1)/3)/(2/(-12))). Let w(p) = -p**3 - 7*p**2 - 2. What is w(h)?
-2
Let k be 30/7 - 10/35. Let w(a) be the first derivative of -a**2 + 4*a - 1. Determine w(k).
-4
Let o = 25 - 20. Let g(h) be the third derivative of 1/60*h**o + 4*h**2 + 0*h + 0 + h**3 + 1/3*h**4. Give g(-6).
-6
Let c(q) = -q - 3. Let s(j) = -4*j - 8. Let i(m) = 7*c(m) - 2*s(m). Determine i(6).
1
Let h(s) be the first derivative of 6 - 2*s + 1/4*s**4 + 3/2*s**2 - 5/3*s**3. Determine h(4).
-6
Let b(g) be the first derivative of g**4/4 - 3*g**3 + 9*g**2/2 - 12*g - 8. Let p be b(8). Let w(n) = n**2 + 2*n - 5. Give w(p).
3
Let f(p) = 8*p**2 + 2*p - 1. Let r be (32/(-48))/(4/(-6)). Give f(r).
9
Let z(a) be the second derivative of -a**4/12 - 5*a**3/6 + a**2 - a. Suppose 5*t - 4*h - 71 = 0, 37 = 2*t - 5*h + 12. Suppose -4*b = t + 9. Determine z(b).
-4
Let p(y) = -7*y + 5. Let k(q) = 6*q - 4. Let u = 5 + 0. Let g = -11 + 17. Let n(f) = g*k(f) + u*p(f). Determine n(3).
4
Let k(q) = -7 + q + 10 - 8*q. Determine k(-3).
24
Let n = -11 + 8. Let g be 4/(1 + -2 - n). Let r(j) = 6*j**2 + g*j**3 + j - 2*j**2 - 3 - 3*j**3. Give r(4).
1
Let s(w) = 2*w**2 + 4*w + 11. Let t(f) = f**2 + 2*f + 6. Let o = 1 - 7. Let c(i) = o*s(i) + 11*t(i). Determine c(-4).
-8
Let k(g) = g**3 - g**2 - 3*g - 2. Suppose 2*z = -4*m + 17 + 13, -z - 3 = -4*m. Suppose -2*y + z = 3. Give k(y).
7
Let l(k) = k**2 + 5*k + 6. Let a = -143 - -138. Calculate l(a).
6
Let a(q) = q**3 - q**2 + 1. Let l(m) = 12*m**2 + 9*m - 9. Let v(g) = -a(g) - l(g). Give v(-10).
-2
Let a(z) = z. Let i be a(2). Let q(g) = -5*g + 2*g**i - g**3 - 5 + 0 - 9*g**2 + 2*g**2. Calculate q(-4).
-1
Let f(r) = -6*r - 1. Let n(s) be the first derivative of -25*s**2/2 - 4*s - 3. Let h(x) = -9*f(x) + 2*n(x). Calculate h(-2).
-7
Let w(m) =